s divided by 501?
20
Calculate the remainder when 149107 is divided by 49699.
10
What is the remainder when 142764 is divided by 442?
440
What is the remainder when 374639 is divided by 168?
167
What is the remainder when 18175 is divided by 8732?
711
What is the remainder when 116063 is divided by 29015?
3
Calculate the remainder when 90244 is divided by 15037.
22
Calculate the remainder when 381231 is divided by 3.
0
Calculate the remainder when 3185132 is divided by 216.
212
Calculate the remainder when 10997 is divided by 130.
77
Calculate the remainder when 31173 is divided by 185.
93
What is the remainder when 3813 is divided by 76?
13
Calculate the remainder when 11074 is divided by 156.
154
What is the remainder when 23191 is divided by 23156?
35
What is the remainder when 13894 is divided by 12?
10
Calculate the remainder when 25497 is divided by 12741.
15
Calculate the remainder when 58761 is divided by 19.
13
What is the remainder when 297578 is divided by 26?
8
What is the remainder when 136038 is divided by 27206?
8
Calculate the remainder when 746 is divided by 147.
11
Calculate the remainder when 139417 is divided by 253.
14
Calculate the remainder when 7117 is divided by 417.
28
What is the remainder when 443 is divided by 9?
2
Calculate the remainder when 459611 is divided by 424.
419
Calculate the remainder when 20639 is divided by 14.
3
Calculate the remainder when 138532 is divided by 21.
16
What is the remainder when 7325 is divided by 32?
29
What is the remainder when 4358 is divided by 616?
46
Calculate the remainder when 26245 is divided by 83.
17
What is the remainder when 22493 is divided by 2032?
141
What is the remainder when 119147 is divided by 134?
21
What is the remainder when 4774 is divided by 1182?
46
Calculate the remainder when 16712 is divided by 16653.
59
Calculate the remainder when 1432 is divided by 473.
13
Calculate the remainder when 356283 is divided by 12285.
18
Calculate the remainder when 9411 is divided by 750.
411
Calculate the remainder when 2493 is divided by 1066.
361
What is the remainder when 189 is divided by 147?
42
Calculate the remainder when 581844 is divided by 27.
21
What is the remainder when 30227 is divided by 24?
11
Calculate the remainder when 18470 is divided by 353.
114
What is the remainder when 56271 is divided by 481?
475
What is the remainder when 18057 is divided by 4509?
21
Calculate the remainder when 29190 is divided by 82.
80
What is the remainder when 18978 is divided by 700?
78
Calculate the remainder when 654 is divided by 496.
158
Calculate the remainder when 11384 is divided by 28.
16
Calculate the remainder when 300258 is divided by 100083.
9
What is the remainder when 380291 is divided by 28?
23
Calculate the remainder when 19574 is divided by 20.
14
What is the remainder when 2931527 is divided by 19?
17
Calculate the remainder when 76011 is divided by 240.
171
What is the remainder when 165162 is divided by 9175?
12
Calculate the remainder when 33907 is divided by 24.
19
Calculate the remainder when 14839 is divided by 2466.
43
Calculate the remainder when 888 is divided by 61.
34
Calculate the remainder when 88656 is divided by 224.
176
Calculate the remainder when 40538 is divided by 197.
153
What is the remainder when 20222 is divided by 6724?
50
What is the remainder when 25377 is divided by 135?
132
What is the remainder when 2865 is divided by 91?
44
What is the remainder when 120970 is divided by 24192?
10
Calculate the remainder when 263211 is divided by 52641.
6
Calculate the remainder when 246970 is divided by 24696.
10
What is the remainder when 2793 is divided by 56?
49
Calculate the remainder when 3249 is divided by 428.
253
Calculate the remainder when 7248 is divided by 3551.
146
Calculate the remainder when 8224 is divided by 49.
41
What is the remainder when 41126 is divided by 13644?
194
Calculate the remainder when 5316 is divided by 884.
12
Calculate the remainder when 80092 is divided by 8007.
22
Calculate the remainder when 11530 is divided by 2795.
350
Calculate the remainder when 7428 is divided by 3.
0
Calculate the remainder when 1659 is divided by 63.
21
Calculate the remainder when 14126 is divided by 1081.
73
What is the remainder when 482237 is divided by 32149?
2
What is the remainder when 1303588 is divided by 6?
4
Calculate the remainder when 163906 is divided by 102.
94
Calculate the remainder when 2559 is divided by 135.
129
Calculate the remainder when 128892 is divided by 195.
192
What is the remainder when 57172 is divided by 41?
18
Calculate the remainder when 3517 is divided by 356.
313
What is the remainder when 11271 is divided by 81?
12
What is the remainder when 82571 is divided by 225?
221
Calculate the remainder when 23452 is divided by 1958.
1914
What is the remainder when 4262 is divided by 1546?
1170
What is the remainder when 77660 is divided by 317?
312
What is the remainder when 3938 is divided by 1964?
10
Calculate the remainder when 3174 is divided by 1485.
204
What is the remainder when 25550 is divided by 640?
590
Calculate the remainder when 1894655 is divided by 37.
33
What is the remainder when 125630 is divided by 103?
73
Calculate the remainder when 31798 is divided by 7949.
2
What is the remainder when 543747 is divided by 155?
7
What is the remainder when 18096 is divided by 1291?
22
Calculate the remainder when 50714 is divided by 63.
62
What is the remainder when 2468 is divided by 809?
41
What is the remainder when 1013646 is divided by 1067?
1063
What is the remainder when 67735 is divided by 33859?
17
Calculate the remainder when 39294 is divided by 13095.
9
What is the remainder when 4506 is divided by 10?
6
What is the remainder when 232099 is divided by 10091?
6
Calculate the remainder when 453599 is divided by 378.
377
What is the remainder when 18807 is divided by 113?
49
What is the remainder when 2991 is divided by 130?
1
What is the remainder when 21923 is divided by 2729?
91
What is the remainder when 68146 is divided by 921?
913
Calculate the remainder when 314 is divided by 11.
6
What is the remainder when 2266 is divided by 219?
76
Calculate the remainder when 1025760 is divided by 106.
104
Calculate the remainder when 138113 is divided by 20.
13
What is the remainder when 3771 is divided by 739?
76
Calculate the remainder when 14106 is divided by 4671.
93
What is the remainder when 315644 is divided by 46?
38
Calculate the remainder when 207304 is divided by 176.
152
Calculate the remainder when 3197 is divided by 3029.
168
Calculate the remainder when 153793 is divided by 25632.
1
What is the remainder when 135268 is divided by 54?
52
Calculate the remainder when 4507 is divided by 824.
387
Calculate the remainder when 7596 is divided by 2555.
2486
What is the remainder when 87559 is divided by 271?
26
Calculate the remainder when 1287 is divided by 308.
55
Calculate the remainder when 8200 is divided by 16.
8
Calculate the remainder when 5677 is divided by 108.
61
What is the remainder when 2085 is divided by 1393?
692
Calculate the remainder when 51740 is divided by 66.
62
What is the remainder when 2898 is divided by 934?
96
What is the remainder when 53940 is divided by 242?
216
Calculate the remainder when 3531 is divided by 96.
75
Calculate the remainder when 690607 is divided by 62782.
5
Calculate the remainder when 62159 is divided by 111.
110
What is the remainder when 2088 is divided by 81?
63
What is the remainder when 107564 is divided by 303?
302
What is the remainder when 283501 is divided by 1508?
1505
Calculate the remainder when 2412 is divided by 546.
228
What is the remainder when 13571 is divided by 1924?
103
Calculate the remainder when 2458 is divided by 269.
37
What is the remainder when 1542220 is divided by 33?
31
Calculate the remainder when 141 is divided by 107.
34
What is the remainder when 52541 is divided by 13126?
37
Calculate the remainder when 10284 is divided by 5015.
254
What is the remainder when 13431 is divided by 1441?
462
What is the remainder when 1768 is divided by 367?
300
Calculate the remainder when 10717 is divided by 446.
13
What is the remainder when 8397 is divided by 1337?
375
What is the remainder when 1083089 is divided 